11227299 a prime number?
True
Is 2724543839 prime?
True
Is 70015937 prime?
True
Is 3352331146 composite?
True
Is 924687039 prime?
False
Is 2638125407 prime?
False
Is 9140815421 prime?
True
Is 2493934789 a prime number?
False
Is 167731687 prime?
True
Is 491662623497 prime?
True
Is 2156476487 a prime number?
False
Is 103574593 a prime number?
True
Is 194338032791 a prime number?
False
Is 1871796841 a composite number?
False
Is 16513846369 composite?
False
Is 80729989 composite?
True
Is 28562930542 a prime number?
False
Is 7159350137 composite?
True
Is 3378443455 a prime number?
False
Is 12586709479 prime?
False
Is 302455987 composite?
False
Is 37749183721 a prime number?
True
Is 215783353493 prime?
False
Is 281481943 a prime number?
True
Is 56392613 a prime number?
False
Is 437712749743 a composite number?
False
Is 25859594881 a prime number?
True
Is 6477682957 a composite number?
False
Is 9131120611 prime?
False
Is 3488427553 composite?
True
Is 401568647 a composite number?
False
Is 2404346557 a prime number?
True
Is 231008273381 a composite number?
False
Is 2690187121 a prime number?
False
Is 19394981273 composite?
True
Is 357400409 a composite number?
False
Is 55084047127 prime?
False
Is 1521263321 prime?
True
Is 785537141 a prime number?
True
Is 6034415593 a composite number?
False
Is 798976499 a prime number?
False
Is 19648031813 a prime number?
False
Is 6286934989 a composite number?
False
Is 6381700333 a prime number?
True
Is 5481149969 a composite number?
False
Is 45815626243 a composite number?
True
Is 432465587 a prime number?
True
Is 4439830233 a composite number?
True
Is 9298169477 prime?
True
Is 16032047713 composite?
True
Is 409142389 a composite number?
False
Is 24639774947 a composite number?
True
Is 8050762723 composite?
False
Is 27302813833 prime?
True
Is 5005622621 a prime number?
True
Is 3414324869 composite?
True
Is 840881497 a prime number?
False
Is 32011137593 composite?
True
Is 16572761965 prime?
False
Is 4037824303 a prime number?
False
Is 4491791081 prime?
False
Is 196994888143 composite?
False
Is 943788949 a composite number?
True
Is 135686171 a composite number?
True
Is 4796030783 a composite number?
True
Is 543582421 a prime number?
True
Is 23987432581 a prime number?
False
Is 113474 composite?
True
Is 1004498519 composite?
False
Is 235217479 prime?
False
Is 6767074427 composite?
True
Is 64665204445 a prime number?
False
Is 3377489953 prime?
False
Is 1461896521 a composite number?
True
Is 354880619 prime?
True
Is 27466717 composite?
True
Is 10217496053 a prime number?
True
Is 38115299591 a prime number?
False
Is 72878897489 a prime number?
True
Is 85906238191 a prime number?
True
Is 3079221349 a composite number?
False
Is 2091713479 composite?
True
Is 2150231977 composite?
True
Is 19499097 a prime number?
False
Is 329561719 composite?
False
Is 136775531 composite?
True
Is 5408321363 prime?
False
Is 504004577 prime?
True
Is 2427664331 composite?
False
Is 1149627001 a prime number?
False
Is 102552389 composite?
False
Is 12737732173 composite?
False
Is 1244848837 a prime number?
True
Is 271252834807 a composite number?
False
Is 366148891 a prime number?
False
Is 1151051687 prime?
True
Is 438861589 prime?
False
Is 2757081245 prime?
False
Is 65361039239 a prime number?
True
Is 3141611405 composite?
True
Is 850501643 a composite number?
False
Is 311176727 composite?
True
Is 2079514399 a composite number?
False
Is 2465208349 prime?
True
Is 9728743133 a prime number?
True
Is 1076888915 a prime number?
False
Is 114372827 composite?
False
Is 71187361 prime?
False
Is 35487871 composite?
True
Is 18792003379 prime?
True
Is 48821052277 a composite number?
True
Is 3251284019 a composite number?
True
Is 125711533741 composite?
True
Is 4262189291 prime?
True
Is 2354574671 prime?
True
Is 7048702523 composite?
False
Is 10170984437 a composite number?
True
Is 1408391329 composite?
False
Is 773168537 prime?
False
Is 38876746943 prime?
False
Is 47669529 a composite number?
True
Is 60879395651 composite?
False
Is 51512574101 a composite number?
False
Is 270564787 a composite number?
True
Is 41912723711 a composite number?
True
Is 1514509559 a composite number?
False
Is 23522755171 a prime number?
True
Is 98906861 prime?
True
Is 52604529841 a composite number?
True
Is 21296398063 composite?
True
Is 23137834231 a composite number?
True
Is 7956544621 composite?
False
Is 25532191099 a prime number?
False
Is 2087391209 a prime number?
False
Is 4365248737 a composite number?
False
Is 23278177721 composite?
False
Is 325916249 prime?
True
Is 26165027461 a composite number?
True
Is 1493619019 a composite number?
False
Is 4718704867 prime?
True
Is 4965122507 a composite number?
True
Is 1261717787 a prime number?
False
Is 248500933 composite?
False
Is 59714272291 a composite number?
False
Is 1877087783 a prime number?
True
Is 24244092121 a prime number?
False
Is 3033514961 prime?
True
Is 7327583959 prime?
False
Is 4173748009 a composite number?
False
Is 458214563 a composite number?
True
Is 76815789901 a prime number?
True
Is 235807907407 a composite number?
False
Is 1973936119 composite?
True
Is 23791437089 composite?
True
Is 3884141489 a composite number?
True
Is 1657186753 composite?
False
Is 15494148647 composite?
False
Is 10581055169 a composite number?
False
Is 24195592117 composite?
True
Is 153842044822 a prime number?
False
Is 2234309461 prime?
True
Is 52519965763 a prime number?
True
Is 790587043 a composite number?
True
Is 137441789423 composite?
False
Is 334519483 a prime number?
True
Is 4885796767 composite?
False
Is 73160367589 a composite number?
True
Is 11016932203 prime?
False
Is 962889449 prime?
False
Is 14921817863 a prime number?
False
Is 25277191691 a prime number?
False
Is 3058883369 a composite number?
True
Is 21764527 a composite number?
True
Is 17131729 prime?
True
Is 30420323809 a composite number?
False
Is 1951837249 a prime number?
False
Is 75481067 prime?
True
Is 7226147251 a composite number?
True
Is 1535890861 composite?
False
Is 6783873217 composite?
True
Is 215357374363 composite?
True
Is 7316120659 composite?
True
Is 37247374729 a composite number?
True
Is 103782795927 composite?
True
Is 68668578491 a composite number?
False
Is 2870429933 a composite number?
True
Is 7389224407 prime?
True
Is 6997682519 a composite number?
False
Is 1084406069 prime?
True
Is 636779267 a prime number?
True
Is 182587061 a composite number?
False
Is 1743745909 composite?
True
Is 513739519 a prime number?
True
Is 57120782851 a prime number?
False
Is 1939007771 a prime number?
True
Is 1278891437 a prime number?
True
Is 2775824203 a prime number?
True
Is 331806193 a composite number?
False
Is 2348999461 a composite number?
False
Is 4622937419 a composite number?
True
Is 39107437 composite?
True
Is 41983841593 composite?
False
Is 56162320111 a composite number?
True
Is 7763543171 composite?
False
Is 253619221 a composite number?
False
Is 10065723823 a prime number?
False
Is 715568963 prime?
False
Is 3589694713 a prime number?
False
Is 4853774969 a composite number?
True
Is 69502189 prime?
True
Is 4744602323 a composite number?
False
Is 4169869651 prime?
False
Is 8240915777 a prime number?
False
Is 3092208799 a prime number?
True
Is 866358869 a prime number?
True
Is 197032947551 prime?
False
Is 4944975649 prime?
True
Is 709083961 composite?
False
Is 27158144479 composite?
True
Is 122414209 a composite number?
True
Is 23134158743 prime?
True
Is 721012889 prime?
True
Is 2214758177 a prime number?
True
Is 5500415695 composite?
True
Is 1057506247 a prime number?
False
Is 1256872681 composite?
False
Is 12950847853 a prime number?
True
Is 6713078521 a prime number?
False
Is 1610125487 prime?
True
Is 5657837953 composite?
False
Is 547907471 a composite number?
True
Is 21202872965 a composite number?
True
Is 829042163 a composite number?
True
Is 867001199 composite?
True
Is 9363963949 prime?
True
Is 15376287709 composite?
True
Is 2281016149 composite?
False
Is 27745006511 a composite number?
False
Is 11183431235 prime?
False
Is 1217019203 prime?
False
Is 849732467 composite?
False
Is 332767866115 composite?
True
Is 20376340037 a prime number?
False
Is 3744052051 a prime number?
False
Is 30255038917 a composite number?
False
Is 22676052479 prime?
T